Let u be l(6). Calculate the greatest common factor of u and o.
23
Let c(k) = 3*k**2 - 41*k + 24. Let y be c(16). Calculate the greatest common divisor of 17 and y.
17
Let k = 42 - 18. What is the highest common divisor of k and 24?
24
Let d be (-27)/(-6) - (-9)/(-6). Let z be -4*(0 + -2)/2. Let u be (d/z)/((-2)/(-456)). Calculate the highest common factor of 19 and u.
19
Suppose 129 = 5*h + 3*x, 0 = 5*x + 6 + 4. Let l be 6/((-9)/3) + -2. Let o be -1 + 1 + -1 - l. Calculate the highest common factor of h and o.
3
Let f = -14 + 29. Let w = f - -5. Calculate the highest common factor of 100 and w.
20
Let g(s) be the third derivative of -s**4/24 + s**3/6 + s**2. Let u be g(-5). Calculate the greatest common factor of 66 and u.
6
Let v(n) = n**2 + 2*n. Let g be (3/6)/(1/(-6)). Let b be v(g). What is the greatest common divisor of 6 and b?
3
Suppose -5*k + 50 = y, 0*k - 5*k + 20 = 0. Suppose y = 2*z - 18. Calculate the highest common divisor of z and 24.
24
Let t(x) = x**2 - 6*x + 7. Let v be t(5). Suppose -v*k + 30 = k. Calculate the greatest common divisor of 40 and k.
10
Suppose s + 2*s - 36 = 5*w, 3*s + 3*w = 36. Suppose -5*l = -3*u - 31, -3*u - 2*l + 6 = 23. Let t = s + u. Calculate the greatest common factor of t and 45.
5
Let d = -4 - -6. Suppose 5*m + 5 = -0. Let w be 1 + 2 + (-1 - m). What is the greatest common divisor of w and d?
1
Suppose 52 = -27*l + 29*l. Let y(i) = 2*i + 3. Let a be y(5). Calculate the greatest common factor of a and l.
13
Let n(z) = -z**2 - 11*z - 10. Let q be n(-10). Suppose 3*g = -3*w + 171, q = -5*g - w + 14 + 263. What is the highest common factor of g and 22?
11
Let m = 68 - 28. Calculate the greatest common divisor of m and 10.
10
Let y = -7 - -6. Let q be 62/6 - y/(-3). Calculate the greatest common factor of q and 5.
5
Let v(m) = 4*m + 44. Let f be v(-8). Let k be -6*(-3)/((-18)/(-4)). What is the highest common divisor of k and f?
4
Let u be (2/(-6))/(2/(-12)). Suppose 6 - 10 = -u*r. Let p(i) = -i**3 + 11*i**2 + 14. Let s be p(11). What is the greatest common factor of s and r?
2
Suppose -h = x - 521, 2072 = 4*x - 2*h - 0*h. Let q(g) = -8*g**2 + 5*g + 9. Let n be q(7). Let f = n + x. What is the greatest common divisor of f and 19?
19
Let x(y) = y**3 + 8*y**2 - 4*y - 11. Suppose -v - 2*v = 24. Let p be x(v). Calculate the greatest common factor of 7 and p.
7
Suppose 9*w - 14*w + 30 = 0. Calculate the highest common divisor of 66 and w.
6
Let t be -1*1*1 - -17. Let j be 8/1 + (5 - 7). Let c(n) = n**2 + 2*n - 8. Let f be c(j). Calculate the greatest common divisor of t and f.
8
Let z = -10 + -4. Let w = -10 - z. Suppose -5*m = -3*c + 31, -w*c - 10 = 3*m - 3. Calculate the highest common factor of 6 and c.
2
Suppose -m - 3*i + 0 + 20 = 0, -15 = -5*i. Let k(p) = p**2 - 5*p + 5. Let n be k(4). Calculate the highest common divisor of n and m.
1
Let f = -3 - -5. Suppose -4*p - 2 = -3*r + 9, -f*r + 2*p = -6. What is the greatest common divisor of 9 and r?
1
Suppose 130 = 52*a - 39*a. Suppose -2*p = -3*k + 260, 0*k + 5*k - 5*p = 425. Calculate the highest common factor of a and k.
10
Let a = 153 - 109. Calculate the highest common factor of a and 22.
22
Suppose -4 = -2*y, -2*a - 7*y + 2*y = 78. Let d be (a/(-6))/((-8)/(-252)). Calculate the greatest common divisor of d and 21.
21
Let m = -25 + 51. Calculate the highest common divisor of 78 and m.
26
Let r be (-53)/((2 + -3)*1). Let h = -26 + r. What is the highest common divisor of h and 9?
9
Let d be 284/16 + 2/8. Calculate the greatest common divisor of d and 90.
18
Let l(g) = -13*g + 4. Let d be l(-4). Suppose 5*x = 196 - d. What is the highest common divisor of 7 and x?
7
Suppose 2*p - 3*p = -2. Suppose p*n - 9 = 1. What is the greatest common divisor of 5 and n?
5
Suppose -2*k + 13 = -x, -5*x - 32 - 3 = -4*k. Suppose -10 - 5 = -k*c. Suppose 5*i - 1 = -m, -2*m - c - 4 = i. Calculate the greatest common divisor of 1 and i.
1
Let v(a) = -a + 2. Let z be v(-5). Suppose j - 2*c - 77 = -z*c, -j + 74 = 2*c. Let y = j - 48. What is the greatest common factor of 8 and y?
8
Let q(n) = -4*n**3 - 3*n**2 - 4*n - 3. Let w be q(-5). Suppose 5*t + 1967 - w = 0. Let y be 2/9 + t/(-45). What is the highest common factor of y and 7?
7
Suppose 9*a - 41 = 13. Calculate the highest common divisor of 18 and a.
6
Let b be 96*((-7)/(-2) + -3). Let y(f) = -f**3 + 8*f**2 - 7*f - 6. Let x be y(6). Calculate the highest common divisor of x and b.
24
Let w be (-1810)/(-20) - 2/4. Let o = 47 + -29. Calculate the greatest common factor of w and o.
18
Suppose 6*f - 8 = 4*f. What is the greatest common factor of 4 and f?
4
Let i(v) = v**3 + 10*v**2 - 11*v + 7. Let j be i(-11). Calculate the highest common divisor of 70 and j.
7
Let c = -10 + 16. Suppose 3*s + 61 = -2*j + 245, -j - 58 = -s. Calculate the highest common divisor of s and c.
6
Suppose -5*u + v + 119 = 0, 2*v = 2*u + u - 70. Let r = 28 + -22. Calculate the greatest common divisor of u and r.
6
Let q be ((-5)/(-10))/(1/32). Let g be q/(4/72*3). What is the highest common factor of 12 and g?
12
Let v = 2 + 5. Let t = -4 + v. Let b = -23 - -32. Calculate the highest common factor of t and b.
3
Suppose 6*c = c + 220. Let r = -255 - -365. Calculate the highest common factor of r and c.
22
Suppose -5*x + 155 = -5*r, -3*x - r + 87 = -2*r. Suppose -6*p + p = -3*w - 13, p - 25 = -5*w. Calculate the highest common divisor of x and w.
4
Let t = 744 + -528. What is the greatest common divisor of t and 27?
27
Let o(s) = 84*s. Let y be 15/12 - 1/4. Let l be o(y). Suppose -4*u = -3*f + l, 8*u + 135 = 5*f + 3*u. What is the greatest common factor of 16 and f?
8
Let v be ((-17)/(-3))/(2/6). Let c(z) = -z**3 + 9*z**2 - 6*z - 4. Let p be c(6). What is the greatest common divisor of p and v?
17
Let l(u) = -7*u**3 - u**2 + u + 1. Let z be l(-1). Calculate the greatest common divisor of z and 2.
2
Suppose w + w + 7 = p, -2*w - 25 = -3*p. What is the greatest common divisor of 36 and p?
9
Let w be ((-4)/(-14) - 36/(-21)) + 52. What is the highest common factor of w and 27?
27
Let b = 1 - -3. Suppose -32 = -2*o - 4. Let x = b + o. What is the highest common factor of 6 and x?
6
Suppose r + 4*m = 7*m + 10, 0 = -2*r + 2*m + 24. Suppose 15 = 3*w, -a + 0*a + r = w. Let p be 1*17 - a/(-4). Calculate the greatest common divisor of 19 and p.
19
Suppose 2*r + 0 = 8. Let v be 18/8*(-128)/(-24). What is the greatest common factor of v and r?
4
Suppose 5*k - 70 = -5*u, 5*u - 5*k = -3*k + 42. What is the highest common divisor of u and 90?
10
Let q(y) = 10*y**3 - y**2 + y + 2. Let t be q(2). Calculate the greatest common factor of 32 and t.
16
Suppose 3*u + 7*o = 5*o + 968, -2*u + 638 = 5*o. Calculate the greatest common divisor of 12 and u.
12
Let c(q) = -q + 17. Let r be c(14). Let g be r/((27/(-57))/(-3)). Calculate the highest common factor of 19 and g.
19
Let t be 1937/8 + 1/(-8). Calculate the greatest common divisor of t and 11.
11
Suppose -6 = -8*t + 6*t. What is the highest common factor of t and 15?
3
Let d = -265 + 393. Let g = -85 + 60. Let m = 41 + g. Calculate the greatest common divisor of m and d.
16
Suppose q + 48 = -3*q. Let w be 1/4 + (-621)/q. What is the greatest common divisor of w and 130?
26
Suppose -8*b - 2 = -4*h - 3*b, -h + 2*b = 1. Suppose -h*j = 2*j + 15. Let s be (5/j)/((-2)/30). Calculate the greatest common divisor of s and 10.
5
Suppose -13 = -g - 4*m, 5*g - 56 = 2*g + 5*m. Calculate the highest common divisor of 51 and g.
17
Suppose 8 = n - 4. Suppose 5*c = -4*x - 137, 0 = -2*x + 2*c - 25 - 21. Let r = 104 - x. What is the highest common divisor of r and n?
12
Suppose -3*d + 8*d - 207 = -a, 5*d + 10 = 0. What is the highest common factor of a and 31?
31
Let x be ((-2)/(-6))/((-6)/(-162)). Suppose -s - v + 0 = x, 0 = s - 2*v. Let g = 9 + s. Calculate the highest common factor of g and 21.
3
Let f(r) = 23*r + 19. Let p(z) = 11*z + 9. Let x(l) = 3*f(l) - 7*p(l). Let j be x(-4). Calculate the greatest common divisor of 65 and j.
13
Let x = 2 + 19. Let r(c) = -c**3 + 3*c**2 + 3*c + 4. Let s be r(-5). What is the greatest common divisor of s and x?
21
Let w be 369/9 + 3 + -1 + 1. Calculate the highest common factor of w and 396.
44
Suppose -8*l + 89 + 79 = 0. Calculate the greatest common factor of l and 3.
3
Let v be ((-2)/5)/(3/(-45)